x - 759, 5*p - 2*x - 453 = 0. What is the remainder when 1761 is divided by p?
87
Let n = -9625 - -9647. Calculate the remainder when 3559 is divided by n.
17
Calculate the remainder when 1402 is divided by (-13)/26*(6 - 110).
50
Suppose -5*g + 138 = 43. What is the remainder when g is divided by -8 - (-13 + -12 + 9)?
3
Let x = -645 + 689. What is the remainder when (-1722)/(-10) + 9/(-45) is divided by x?
40
Suppose -5*h + 134 + 126 = 5*x, 0 = -4*x - 2*h + 206. Calculate the remainder when 5760 is divided by x.
48
Let a = 132 + -129. Suppose 5*r = 0, a*p - r + 15 = -2*p. What is the remainder when 10 is divided by (p + 5)*(-1)/(-1)?
0
Suppose -5*r = 5*t + 179 - 374, -5*t + 121 = 3*r. What is the remainder when 194 is divided by r?
9
What is the remainder when ((-4698)/4 - (-1 - 2))/(12/(-16)) is divided by 58?
54
Let t = 121 - 201. Let p = -74 - t. Calculate the remainder when 13 is divided by p.
1
Suppose -2*u - a = -199, -4*u + 36*a = 32*a - 380. Calculate the remainder when u is divided by ((-58)/8 + 7)*-44.
10
Let d = -17 - -50. Let y(f) = 2*f**2 + 3*f + 3. Let q be -2*2/(-22) - (-70)/(-22). What is the remainder when d is divided by y(q)?
9
Suppose 2*y - 70 + 6 = 0. Suppose 983 - 101 = 8*f - f. What is the remainder when f is divided by y?
30
Let j(t) = -32*t**3 - t**2 - t. Calculate the remainder when j(-1) is divided by (-4658)/1781*182/(-28).
15
Suppose -65*k + 16848 = 39*k. What is the remainder when k is divided by 64?
34
Suppose 9*p + 7*p - 64 = 0. Calculate the remainder when (1/2)/(p/1172)*2 is divided by 33.
29
Suppose -124*m - 228 = -130*m. Let h(j) = -36*j - 182. What is the remainder when h(-7) is divided by m?
32
Suppose 2*n + 2*u - 132 = -2*u, 5*u = -2*n + 134. What is the remainder when 83 is divided by (-86 - -83)/(n/(-56) + 1)?
27
Suppose -44*h - 99*h = 2*h - 633215. Calculate the remainder when h is divided by 7.
6
Let m = -28 - -31. Suppose -143 = -3*d - 4*o + 94, d = -m*o + 74. Suppose -d*h - 68 = -87*h. What is the remainder when 64 is divided by h?
13
Suppose 480 = 8*a + 2*a. Suppose 5*q - a - 37 = 0. Suppose q*v - 22*v + 55 = 0. What is the remainder when 21 is divided by v?
10
Let u = -329 + 818. Let c = 727 - u. Calculate the remainder when c is divided by 10.
8
Calculate the remainder when 232 is divided by 68/(-85) - (-1595)/25.
43
Let d = 51 + -7. Let b(i) = 4*i + 2. Let z be b(0). What is the remainder when d is divided by 17 - -5 - ((-5 - -2) + z)?
21
Let x be 1 + -5 - (-270)/9. Let i = -1 + 5. Suppose -2*h = -x + i. What is the remainder when h is divided by 3?
2
Let n(c) = 361*c - 12898. Calculate the remainder when n(37) is divided by (-3)/7 + (-650)/(-14).
45
Suppose g + 5*n = 5, 5*g - 2*n - 124 + 45 = 0. Let m = 1078 - 1067. What is the remainder when g is divided by m?
4
Let r be 138/(-276) - -1*(-9)/(-2). Suppose 8*i - 274 = 3*i - 3*g, -r*g = 2*i - 118. What is the remainder when 137 is divided by i?
31
Let x(o) = o + 4. Let q be x(-4). Suppose 5*n + 2*c - 1306 + 69 = 0, 4*n + 2*c - 988 = q. What is the remainder when n is divided by 11?
7
Suppose 0 = -28*i + 2662 + 2770. Calculate the remainder when 422 is divided by i.
34
Let w(o) be the second derivative of -33/2*o**2 + 5*o + 0 - 23/3*o**3 + 1/20*o**5 + 5/3*o**4. Calculate the remainder when 142 is divided by w(-22).
10
Suppose 3*j + 270 = 13*j. Suppose -j*y + 13*y = -1232. Calculate the remainder when y is divided by 13.
10
Suppose 23*f - 1770 = 29*f. Let k = 322 + f. Calculate the remainder when 76 is divided by k.
22
Let n be (((-2037)/(-2))/(-7))/(15/20). Let d = n - -204. Calculate the remainder when 42 is divided by d.
2
Suppose 9*c - 202 = 284. Let j(g) = 40*g**3 - 3*g**2 + 8*g - 7. Calculate the remainder when c is divided by j(1).
16
Suppose -4*d = -2*d - 18. Suppose 4*a = 4*u - 384, -5*u + 737 = 2*a + 257. Calculate the remainder when u is divided by d.
6
Let p be (-3)/21 + 1086/7. Suppose 2*y - 164 = d - 3*d, 2*y - d = p. What is the remainder when y is divided by 21?
16
Let p(z) = 595*z + 6692. What is the remainder when p(-7) is divided by 5?
2
Suppose 4*o = 3*d + 6922 + 2286, 2*d - 11533 = -5*o. Calculate the remainder when o is divided by 383.
7
Let f(t) = 3*t - 4. Let l be f(7). Suppose 0*a = a - l. Calculate the remainder when (-80)/12*(12 - 6 - 21) is divided by a.
15
Let f(u) = -2*u**2 - 28*u. Let o be f(-9). Suppose o = -8*c - 6. Calculate the remainder when (-9)/((-15)/c + -2) is divided by 9.
3
Let s(m) = -8*m + m**2 - 2*m + 4*m - 2. Suppose 10 = -5*w, 5*g - 4*g - 51 = -w. Calculate the remainder when g is divided by s(8).
11
Let o = 20 + 662. Suppose -36*i + 30 = -3498. What is the remainder when o is divided by i?
94
Suppose -49*a = -71*a + 1232. Calculate the remainder when a is divided by 27.
2
Let c(k) = 16*k**2 + 29*k + 6. Calculate the remainder when c(8) is divided by 23.
20
Suppose 41*n + 6 = 44*n. Suppose -2*y + 2*q + 23 = 63, -3*q = -y - 30. What is the remainder when (307 + n)*(-5)/y is divided by 8?
7
Suppose -j + 98 + 81 = 0. What is the remainder when j is divided by (371/106)/((-3)/(-12))?
11
Let j(l) = 47*l - 708. Calculate the remainder when j(41) is divided by 18.
13
Let n = 92 + 2. Suppose -5*f + 5*s + 260 = 0, -56 = 28*f - 29*f + 2*s. What is the remainder when n is divided by f?
46
Suppose 3*h + 2 = 162 + 152. Calculate the remainder when h is divided by 50.
4
Let a(g) = -40*g**3 + 9*g**2 + 3*g - 48. Let t(u) = 14*u**3 - 3*u**2 - u + 16. Let i(s) = -6*a(s) - 17*t(s). Calculate the remainder when 77 is divided by i(3).
37
Let z = 123 - 72. Let j = 46 - z. Let a(v) = 2*v**2 + v - 22. Calculate the remainder when 113 is divided by a(j).
21
Let r(c) = 3*c**2 + 429*c - 1247. What is the remainder when 1329 is divided by r(-146)?
56
Suppose -12 = 4*a - 52. What is the remainder when (7/(84/87))/((-2)/(-8)) is divided by a?
9
Suppose 5751 = -22*i + 8193. What is the remainder when 189 is divided by i?
78
Suppose -87*a - 66144 = -103*a. Calculate the remainder when a is divided by 22.
20
Let i = -8188 + 8318. Calculate the remainder when i is divided by 2/(-3) + 685/15.
40
Let x = 23 - 10. Let w = 14 - x. Suppose -3*m + 2*j + 41 = 0, 2*j - j + w = 0. What is the remainder when m is divided by 4?
1
Let x = -5293 + 5357. What is the remainder when 123 is divided by x?
59
Let r(w) = 29*w**2 - 57*w - 25. Calculate the remainder when 231 is divided by r(3).
36
Let y(q) = 5*q**2 - 10 - 2653*q - q**3 + 60 + 2641*q. Calculate the remainder when 74 is divided by y(4).
2
Let t = -471 + 471. Suppose 5*d - 450 = -t*d. Calculate the remainder when d is divided by 7.
6
Suppose 35 = 9*i - 14*i, -3*g + 52 = -4*i. Calculate the remainder when 469 is divided by g.
5
Suppose 3*o - 7 - 188 = 0. Suppose 4*a = -2*f + 7 + 61, 113 = 2*f - 5*a. Suppose -c - o = -3*m + f, m = -5*c + 47. What is the remainder when m is divided by 8?
5
Suppose 243*a = 244*a - 7. What is the remainder when (6 + -34)/a + 177 is divided by 89?
84
Let m = 205 - 140. Let g = -2984 + 3008. What is the remainder when m is divided by g?
17
Let n(z) = -z**3 - 92*z**2 + 687*z - 525. Suppose -x - 2*x + 195 = 4*o, 0 = o - 3. Calculate the remainder when n(-99) is divided by x.
8
Suppose 13 + 57 = 5*g. Let n(m) = -m**3 + 11*m**2 + 78*m + 9. Let j be n(16). Let a(h) = -h**2 - 20*h + 122. Calculate the remainder when a(j) is divided by g.
11
Suppose 9*a + 32 = 11*a. Let k be ((-1)/5*4)/(a/(-40)). Suppose k*l - 45 = -6*p + 3*p, -p = 5*l - 15. What is the remainder when 58 is divided by p?
13
Suppose -4*j + 28 = 4*z, 0 = -2*z + j - 0 + 5. Let a(u) = 1526*u - 1457. Calculate the remainder when a(1) is divided by z.
1
Suppose 4*x = 7*x - 6. Let b(w) = 2 - 10*w - 3*w + 2*w + x*w. What is the remainder when 23 is divided by b(-1)?
1
Suppose -51 = -4*t - 235. Let a = -43 - t. Suppose -7*w + 2*w = -10, -104 = -a*i - w. What is the remainder when i is divided by 12?
10
Suppose -5*m - 42 = -3*t - 7*m, -t + m + 9 = 0. Suppose -15*b = j - t*b - 200, 0 = 5*j - b - 1032. Calculate the remainder when j is divided by 7.
3
Suppose 3*w - 2*x - 938 = 0, 3*w - 590 - 344 = 4*x. What is the remainder when w is divided by 151?
12
Let l = 6632 + -6349. Calculate the remainder when l is divided by 0 - 2/(-2) - -56.
55
Let b be 1586/8 - 31/124. Suppose -80*j = -78*j - b. Calculate the remaind